 = h - 72. Is (r/(-4))/((-21)/924) composite?
True
Suppose -4*i + 11225578 = -5*j, -4*i - 58*j = -55*j - 11225530. Is i a composite number?
False
Let u = -57763 + 82692. Is u a composite number?
True
Let i = 3354364 - 661027. Is i a prime number?
False
Let i(a) = -17*a + 13. Let l(m) = -m + 1. Let p(w) = i(w) + 2*l(w). Let k be ((-48)/20)/((-1)/20*-3). Is p(k) prime?
False
Let n = 60 - 69. Let z(o) = o**3 + 8*o**2 - 8*o + 12. Let d be z(n). Suppose 2*q + 5*s = d*q - 1661, 4*s = 2*q - 3334. Is q a prime number?
False
Let b = 4622 - 8209. Suppose -79*q - 96845 = 50095. Let i = q - b. Is i composite?
True
Let f be 1 - (-18 - 0)*(-10)/(-20). Is (50/(-30))/(f/(-21558)) a composite number?
False
Suppose 0*m - 6 = -2*m. Suppose 86*b - 90*b = 2*a, -5*a - 24 = 2*b. Is (-22)/a*37*m a prime number?
False
Suppose 18*r - 22*r = 3*l - 1044816, 0 = 2*l. Suppose -12*q + 0*q = -r. Is q a prime number?
True
Suppose -144049 = 5*u - 2*j + 55842, 0 = u + 2*j + 39983. Let c = 58524 + u. Is c a composite number?
True
Let k = -60 - -62. Suppose 3270 = 2*a - k*j, -2*j = -3 - 1. Is a a prime number?
True
Suppose -c = -a - 1069 - 131, 0 = 3*a - 15. Let w = 82 + -77. Suppose -i - 3631 = -3*y, -2*i + c = y - w*i. Is y composite?
True
Is (2 + (-20)/12)/(129/312443289) composite?
True
Is (1 + 0)/(10*(-13)/(-4642170)) a composite number?
True
Let p(u) = 321*u**3 - 8*u**2 + 6*u + 16. Let m be p(6). Suppose -2069 + m = 17*l. Is l prime?
True
Suppose -125*c + 20665001 = -25375374. Is c composite?
False
Let m = 232 - 231. Is (0/(-3) - -1)*9037/m a composite number?
True
Is (10/40)/(-1)*-432356 prime?
True
Let h(n) = 2 - 141*n**2 - n + 142*n**2 - 1. Let m(k) = -5*k**2 + 6*k + 10. Let y(t) = -4*h(t) - m(t). Is y(8) composite?
True
Suppose -2*f + 7*f + 810807 = 3*k, -8*k + 2*f + 2162152 = 0. Is k composite?
False
Let f(j) be the third derivative of -j**6/120 + j**5/20 + j**4/8 - j**3 + 13*j**2. Let q be f(3). Suppose 150 = 5*r - w, -r + 16 = -0*r - q*w. Is r composite?
False
Suppose -4*p + 62 = 2*m, -2*m - 17 - 5 = -2*p. Suppose -15552 = -4*a - 2*s, -18*a + p*a + 2*s = -15560. Is a a prime number?
True
Suppose -2 = -4*u - 2*z, 3*u - 5*z - 20 - 1 = 0. Suppose -b - 674 = -u*b + n, b + 4*n = 664. Suppose -3*j = -2*f - 0*f + 647, b = 2*f + 2*j. Is f prime?
True
Let k be (9*4/(-16))/(2/(-8)). Suppose -5*m = -k*m + 8076. Suppose -h - 53 = 4*s - m, 0 = -5*s + 5*h + 2445. Is s composite?
False
Let r(z) = 7*z**2 + 17*z - 7. Let i(m) be the third derivative of -m**5/60 + 5*m**4/8 + 16*m**2. Let t be i(16). Is r(t) a composite number?
True
Suppose 890765 = -20*i - 27*i + 3270892. Is i a prime number?
False
Suppose -2*a + 33*z = 30*z + 8710, 0 = -5*a - 4*z - 21752. Let y = 762 - a. Is y a prime number?
False
Let y(v) = 5*v + 1056. Let o be y(0). Suppose m - 1099 - o = -2*z, -2*m + 5*z + 4283 = 0. Is m a prime number?
False
Let i = 149 - 144. Suppose -2813 - 14042 = -i*q. Is q prime?
True
Let p(b) = -4*b + 23. Suppose -10*u - 4 = -11*u. Suppose k = -u*k - 60. Is p(k) composite?
False
Suppose y = f - 6*f + 11, -2*f = -3*y + 50. Let t be 4/(-3)*(-2520)/112. Is 493 + (-75)/t*y/(-10) a composite number?
True
Let y(g) = -1032*g**3 - g**2 - 13*g - 17. Is y(-2) a composite number?
True
Suppose -29 = -5*b + 10*o - 11*o, 2*b = 2*o + 2. Suppose 2*j - b = j, 37517 = 2*h - j. Is h composite?
True
Let h = -146330 - -362127. Is h a composite number?
False
Let u(d) = -d**3 - 16*d**2 - 9*d + 93. Let b be u(-15). Suppose -44553 = -b*s - 14406. Is s a prime number?
False
Let d(v) = -55854*v + 557. Is d(-4) a prime number?
False
Let x(n) be the third derivative of n**6/120 + n**4/24 + 271*n**3/6 - 351*n**2. Let b = 6 + -6. Is x(b) prime?
True
Let d(a) = 23*a**2 + 998*a - 32. Is d(63) a composite number?
True
Let s = 22411 - -20178. Is s a composite number?
False
Let o be 28/(-56)*-1*112 - 4. Suppose -o*b = -16*b - 364428. Is b a prime number?
False
Suppose -7*m + 8*m = -45*m + 3290242. Is m composite?
False
Let p = 32 - 3. Suppose 5 = -4*t + p. Is t/(-21) - 6225/(-7) a prime number?
False
Suppose -3*t - 5*z = -970029, 323303 = t - 0*t - 5*z. Is t a prime number?
True
Let z(j) = -218796*j**3 + 2*j**2 - 10*j - 11. Is z(-1) a prime number?
True
Let p(y) = -9*y**3 - 6*y**2 - 28*y + 16. Let b(f) = 9*f**3 + 7*f**2 + 29*f - 15. Let j(s) = -6*b(s) - 5*p(s). Is j(-7) prime?
False
Let k = 31 + -21. Suppose k*h - 4*h = 0. Is 1710 - (h - (1 - 2)) a composite number?
False
Suppose -8086 = 6*f + 18956. Is 21/(-3)*f/7 prime?
True
Let v be 3 - (-426)/(-4) - 10/(-20). Let i = v - -1244. Is i prime?
False
Let w(d) = -d**3 - 6*d**2 + 7*d + 6. Let f(r) = -2*r**3 - 6*r**2 + 8*r + 5. Let p(a) = 3*f(a) - 4*w(a). Is p(-14) a prime number?
False
Let n(k) = k**3 - k**2 + 3*k + 99654. Let i be n(0). Suppose -11*l + 60055 = -i. Is l prime?
True
Let q = 66 - 60. Let a = 13 - q. Suppose -a*j = -5144 - 2199. Is j a prime number?
True
Suppose 2*v = o - 77765, 88974 = o - 4*v + 11205. Is o prime?
True
Let o be (-3 + -3 - -9)*10/6. Let u(w) = 45*w**3 - 8*w**2 + 9*w - 28. Let q be u(o). Suppose 7*f - q = f. Is f a prime number?
True
Let z be ((-1)/(-3))/(-1) + 17274442/426. Suppose 4*u + 11241 = -c + 31546, -4*u = -2*c + z. Is c prime?
False
Suppose 0 = -2*f, f = o - 4*o + 6*f + 39918. Is o composite?
True
Let q = -19570 + 30515. Let g = q + -7184. Is g a composite number?
False
Let o be (-8*1)/(3/17691*-2). Suppose 5*q - o - 13317 = 0. Suppose -2*w = -5*y + q, -5*y - w + 2728 = -4659. Is y composite?
True
Suppose 0*h = -4*h - 32. Is 10/h + 36967/28 a prime number?
True
Let j = 43536 + -26184. Suppose 0 = 2*l + l - j. Suppose -9*b + 543 = -l. Is b a prime number?
False
Suppose 20*u - 92435 = u. Is ((-110)/15)/11 + u/3 composite?
False
Let u = -58 + 50. Is ((-5262)/u)/(8 - (-29)/(-4)) prime?
True
Suppose 3*f - 2*x = 191887, 7*f - 10*f + 191893 = -5*x. Is f a prime number?
False
Let f be (-3)/(-33) - (-1253370)/(-330). Let n = f + 6611. Is n composite?
True
Let b(y) be the second derivative of -9*y**4/2 - 17*y**3/6 - 6*y**2 + 2*y. Let o be b(-6). Let m = o - -4673. Is m prime?
True
Let n(p) = -671*p**3 - 20*p**2 - 12*p - 11. Is n(-4) a prime number?
False
Let x(n) = -155857*n**3 - 10*n**2 - 12*n - 1. Is x(-1) a prime number?
False
Let b(j) = -5*j - 17. Let v be b(-5). Let l(q) = 2*q**2 + 7 - v*q + 28*q - 9*q**3 - 17*q. Is l(-3) a composite number?
True
Let z = 2013 + 31626. Is z prime?
False
Suppose -108 = -6*h + 54. Is ((-18)/h)/((-4)/6906) prime?
True
Let m be (-10)/15*-6 - -8. Suppose 3*w - 3*z + m = 0, w + 2*z + 4 = 3. Is 12458/26 - w/(156/(-8)) prime?
True
Let b(i) = i**2 - 6*i + 4. Let s be b(5). Is s + 1256/2 + 4 a composite number?
False
Let a = 47 + -27. Let h = 23 - a. Suppose 3*l - k = l + 1504, -3761 = -5*l + h*k. Is l prime?
True
Suppose 3*m = 3*k - 55854, 6*m - 3*m = 5*k - 93088. Is k a composite number?
False
Let k(y) = 243*y**2 + 10*y - 14. Let q be k(-6). Suppose 16*w - 21*w + 3*i = -q, -2*w + 3472 = -2*i. Is w composite?
False
Let w(r) = r**3 - 16*r**2 + 14*r + 3. Let n be w(15). Let d = n - -16. Suppose d*a + 3*a - 658 = 0. Is a a prime number?
False
Let u = 44560 - 25623. Is u prime?
False
Let r(l) = 58323*l**2 - 107*l + 307. Is r(3) a composite number?
False
Suppose -2*s = 154*s - 7167108. Is s prime?
True
Let w be -5*((1 - -1) + -3). Suppose 621 = z - 5*f, -1730 = -w*z + f + 1303. Suppose 4*c - 14 = z. Is c a prime number?
False
Suppose 8*p + 0*p = 0. Suppose p = -2*s - s - x + 44, -100 = -5*s + 5*x. Suppose s*q - 20*q = -5444. Is q composite?
False
Let f be 3/1 - (-5)/15*-6. Let k be ((490/21)/(-7))/(f/(-9)). Let v(o) = -o**2 + 61*o - 23. Is v(k) a composite number?
False
Suppose -4*h - 5*a + 36256 = 0, -54999 = -5*h + 4*a - 9720. Is h prime?
True
Suppose -8*c - 14 = 154. Is (-8793)/c + 4/14 a composite number?
False
Let r(q) = -2*q**3 - 4*q**2 + 9*q + 4. Let f(y) = 4*y**3 + 9*y**2 - 19*y - 8. Let w(u) = 3*f(u) + 7*r(u). Is w(-3) a prime number?
True
Let k(s) = -s**3 + 7*s**2 - 7*s + 8. Let y be k(6). Let x be (-3)/12*(y + -2). Let o(w) = w**2 - w + 145. Is o(x) a composite number?
True
Suppose -16 = -4*i, -24*r + 23*r + i = -1209643. Is r composite?
False
Let l(f) = -7 + 24*f**2 + 0 + 2. Suppose 0 = c, -16*b + 19*b + 2*c - 5*c = -9. Is l(b) a prime number?
True
Let d = 462676 - -29097. Is d a prime number?
True
Let s = -